{"id":907,"date":"2025-07-29T19:11:28","date_gmt":"2025-07-29T19:11:28","guid":{"rendered":"https:\/\/coffee46.azestilo.com\/?post_type=product&#038;p=907"},"modified":"2025-07-29T19:14:09","modified_gmt":"2025-07-29T19:14:09","slug":"lasana-bolonesa","status":"publish","type":"product","link":"https:\/\/coffee46.azestilo.com\/?product=lasana-bolonesa","title":{"rendered":"Lasa\u00f1a bolo\u00f1esa"},"content":{"rendered":"<p>Carne molida, quesos, especies, un cl\u00e1sico de Coffee 46<\/p>\n","protected":false},"excerpt":{"rendered":"<p>Carne molida, quesos, especies, un cl\u00e1sico de Coffee 46<\/p>\n","protected":false},"featured_media":908,"comment_status":"open","ping_status":"closed","template":"","meta":[],"product_brand":[],"product_cat":[18,33],"product_tag":[],"class_list":{"0":"post-907","1":"product","2":"type-product","3":"status-publish","4":"has-post-thumbnail","6":"product_cat-all","7":"product_cat-pastas","9":"first","10":"instock","11":"shipping-taxable","12":"product-type-simple"},"_links":{"self":[{"href":"https:\/\/coffee46.azestilo.com\/index.php?rest_route=\/wp\/v2\/product\/907","targetHints":{"allow":["GET"]}}],"collection":[{"href":"https:\/\/coffee46.azestilo.com\/index.php?rest_route=\/wp\/v2\/product"}],"about":[{"href":"https:\/\/coffee46.azestilo.com\/index.php?rest_route=\/wp\/v2\/types\/product"}],"replies":[{"embeddable":true,"href":"https:\/\/coffee46.azestilo.com\/index.php?rest_route=%2Fwp%2Fv2%2Fcomments&post=907"}],"wp:featuredmedia":[{"embeddable":true,"href":"https:\/\/coffee46.azestilo.com\/index.php?rest_route=\/wp\/v2\/media\/908"}],"wp:attachment":[{"href":"https:\/\/coffee46.azestilo.com\/index.php?rest_route=%2Fwp%2Fv2%2Fmedia&parent=907"}],"wp:term":[{"taxonomy":"product_brand","embeddable":true,"href":"https:\/\/coffee46.azestilo.com\/index.php?rest_route=%2Fwp%2Fv2%2Fproduct_brand&post=907"},{"taxonomy":"product_cat","embeddable":true,"href":"https:\/\/coffee46.azestilo.com\/index.php?rest_route=%2Fwp%2Fv2%2Fproduct_cat&post=907"},{"taxonomy":"product_tag","embeddable":true,"href":"https:\/\/coffee46.azestilo.com\/index.php?rest_route=%2Fwp%2Fv2%2Fproduct_tag&post=907"}],"curies":[{"name":"wp","href":"https:\/\/api.w.org\/{rel}","templated":true}]}}